2 + 9*r - 11. What are the prime factors of q(1)?
2, 13, 101
Let w = -40183 + 58079. What are the prime factors of w?
2, 2237
Let x = 271 + -270. Let k(l) be the third derivative of 37*l**5/60 + l**4/24 - l**3/3 - 3*l**2. What are the prime factors of k(x)?
2, 3
What are the prime factors of 251632/24 - 290/(-87)?
2, 3, 19, 23
Let n(o) = o**3 - 6*o**2 - o + 7. Let g be n(6). Let m be 6/5*(g/2 - -2). Suppose 4*p = m*s - 144, -53 = s - 2*s + 3*p. What are the prime factors of s?
2, 11
Let r(f) = f**2 - f - 11. Let x be r(-10). Let l = 156 - 103. Let u = x - l. List the prime factors of u.
2, 23
Suppose -z = 2*z - 18. Suppose 3*t = -v + 15, -5*t = -v + z*v - 25. Let g(b) = -7*b + 26. What are the prime factors of g(v)?
2, 13
Let b(n) = -n**3 + 3*n**2 + 2*n + 1. Let f be b(3). Suppose -414 = -f*a - 120. List the prime factors of a.
2, 3, 7
List the prime factors of ((-352)/(-440))/(2/10555).
2, 2111
Suppose -459*b + 577 = -458*b. Let k = 769 + b. List the prime factors of k.
2, 673
Suppose 5*i - 3*u = 3*i, -3*i + 11 = u. Suppose 7*m - 6*m = -2*l + 464, i*m - 690 = -3*l. List the prime factors of l.
2, 3, 13
List the prime factors of 12/22 - 95929260/(-1617).
2, 29663
Let y = 230 + -235. Let g(q) = -63*q + 89. What are the prime factors of g(y)?
2, 101
What are the prime factors of -4962*(24 + (-138)/4)?
3, 7, 827
Let a(b) = -8*b**3 - b**2 + 3*b - 2. Let q be a(1). Let g(n) = -n**3 - 10*n**2 - 20*n - 2. What are the prime factors of g(q)?
2, 3, 5
Let d = 213307 - 130114. What are the prime factors of d?
3, 11, 2521
Suppose 13*z = -6*y + 14*z - 16, -4*z + 16 = 0. Let s(x) = -3*x + 3. Let j be s(-7). What are the prime factors of (12/j)/(y/(-556))?
139
Let o = -13038 - -38601. List the prime factors of o.
3, 8521
Suppose 49 = 4*c - l, -3*c + 38 = 79*l - 81*l. Let k be (-31)/(-3) - 4/12. Suppose c*m = 7*m + k. List the prime factors of m.
2
Let d be (4/(-8))/((-1)/10). Let a = -832 - -841. Suppose -124 = -a*v + d*v. List the prime factors of v.
31
Let s = 2413 + -2538. Suppose -2*g - 3*g - 55 = 0. Let x = g - s. What are the prime factors of x?
2, 3, 19
Suppose -135035 = 87*u - 448343 - 400092. List the prime factors of u.
2, 5, 41
Let u(v) = -1 + 5*v**2 + 2 + 8*v**3 + 9 - 4 - 5 - 19*v. What are the prime factors of u(4)?
11, 47
Suppose 2*f = -15*f + 68. Suppose f*w - 981 = -33. What are the prime factors of w?
3, 79
Let k(b) = -b**3 + 38*b**2 + 254*b - 31. List the prime factors of k(23).
2, 3, 29, 79
Let f be ((-9)/(-42))/((-54)/(-2268)). Let d be ((-1)/2)/(1/(-168)). Suppose f*x + d = 12*x. What are the prime factors of x?
2, 7
Suppose 19*u + 5*m + 2355 = 24*u, 1414 = 3*u - 2*m. Let n = u - -148. List the prime factors of n.
2, 5, 31
Let i(b) = 47*b + 33. Let s be i(-3). Let h = s - -144. List the prime factors of h.
2, 3
Let m = 8872 - 4303. List the prime factors of m.
3, 1523
Let c(p) = -11*p - 2. Let z(o) = 12*o + 3. Let l(b) = 6*c(b) + 5*z(b). Let f(j) = -3*j + 1. Let t(v) = 7*f(v) - 3*l(v). List the prime factors of t(-10).
2, 7
List the prime factors of (-2243 - -5)*(-548)/24.
137, 373
Let a be (-8)/28 + 16/7. Let k be (-4458)/21 + (-2)/(-7). What are the prime factors of a/(-5) + (k/(-5) - -6)?
2, 3
Suppose 6*h + 6 = 8*h. Let f be h + (-4 + 4 - 35). Let s = f + 322. What are the prime factors of s?
2, 5, 29
Let s(h) = -h**2 + 15*h + 7. Let c(g) = 6*g**3 - 2*g**2 - g + 2. Let z be c(1). List the prime factors of s(z).
3, 19
Suppose 0*m - 4*q + 32 = 4*m, -5*q + 22 = -m. Suppose 0 = m*l - a - 1610, -5*a = -3*l - 2*l + 2670. Let n = l - 362. What are the prime factors of n?
2, 11
Suppose -3*m = 16*m - 2*m - 36108. What are the prime factors of m?
2, 3, 59
Let w(f) = f**3 + 37*f**2 - 74*f - 22. List the prime factors of w(-20).
2, 4129
Suppose 2*k = 3*n + 8 - 15, 2*k - 13 = -n. Suppose k*a - 2111 = i, 2*i - 540 = -2*a + 528. What are the prime factors of a?
23
Let w = 8612 - 4544. List the prime factors of w.
2, 3, 113
Let m(y) be the first derivative of -y**3/3 - 21*y**2/2 - 4*y + 2. Let v be (2 - 3)/(19/171). What are the prime factors of m(v)?
2, 13
Let t be ((-7)/3)/(-7) + 4/(-12). Suppose t = 18*f + 16*f - 6018. What are the prime factors of f?
3, 59
Let g = 30104 + -13798. List the prime factors of g.
2, 31, 263
Let q = 199 - 232. List the prime factors of 2715/11 - 6/q.
13, 19
Suppose -509*p + 98*p + 4599052 = -1457444. List the prime factors of p.
2, 3, 307
Let p = -4399 + 5130. What are the prime factors of p?
17, 43
Let k(z) be the first derivative of z**4/4 + 2*z**3 + 5*z + 26. Let d be k(-6). Suppose -1 + 94 = 2*s - d*p, -5*p + 250 = 5*s. What are the prime factors of s?
7
Let v be 6/(-3)*(-33)/(-12)*326. Let j = v + 2526. What are the prime factors of j?
733
Let i(d) = -8*d**2 - 9*d + 10. Let x be i(-7). Let a = 361 - x. What are the prime factors of a?
2, 5, 17
Let n(t) = 2512*t - 4131. What are the prime factors of n(14)?
41, 757
Suppose -359*t + 21412 = -355*t. List the prime factors of t.
53, 101
Let a be ((-12)/27)/((-2)/9). Suppose 4*k = -a*n - 0*n + 24, 5*n = k + 5. List the prime factors of (-612)/(-15) + (-4)/k.
2, 5
Let v = 483 + -190. Let w = -242 + v. List the prime factors of w.
3, 17
Let s be 28*57/((-12)/(-4)). Suppose n - 22 = -r + 229, 2*r = 4*n + s. List the prime factors of r.
2
Let v(q) = -q - 13. Let f be v(-25). Suppose f - 2 = -2*h, 2330 = 5*n + 3*h. List the prime factors of n.
7, 67
What are the prime factors of 695/2*(-59)/(295/(-234))?
3, 13, 139
Suppose 0 = 13*t - 93*t + 115298 + 108142. List the prime factors of t.
3, 7, 19
Let x(a) = 9*a**2 - 91*a + 99. Let q(u) = 14*u**2 - 138*u + 149. Let c(k) = -5*q(k) + 8*x(k). What are the prime factors of c(24)?
7, 41
Let a be (-2)/(-3) + (-3772)/(-246). Let c(y) = -y**3 + 20*y**2 + 12*y + 19. Let f(n) = n**2 - 1. Let d(h) = -c(h) + 5*f(h). What are the prime factors of d(a)?
2, 5
Let b be 1976/1 + -14 + 12. Let z be (2/(-4))/(11837/b - 6). Suppose z = -6*y + 465. List the prime factors of y.
2, 3
Let p = -1 + 1. Let t(v) = -62 - 67 + v + 145 + 3*v. What are the prime factors of t(p)?
2
Suppose m - 9334 = 2*z, -5*z - 39538 = -5*m + 7122. List the prime factors of m.
2, 3, 5, 311
Let k = -3032 + 4330. Let n = 1961 - k. Suppose 0 = -19*r + 22*r - n. What are the prime factors of r?
13, 17
Suppose -54*t - 25466 = -71*t. What are the prime factors of t?
2, 7, 107
Suppose -x - 61 = 4*j, 5*j - 2*x = 2*x - 50. Let b = 21 + j. Suppose 4*w + 87 = b*w. List the prime factors of w.
29
Suppose 0 = -4*w + 297*q - 301*q + 83436, -w - 4*q = -20868. List the prime factors of w.
2, 3, 11, 79
Suppose 9*u + 254 = -1105. Suppose 0 = -4*m + 43 + 1073. Let r = u + m. List the prime factors of r.
2
What are the prime factors of (-1722)/(-4)*(-410)/(-123)?
5, 7, 41
Let k(p) = 1540*p**2 + 14*p + 26. List the prime factors of k(-3).
2, 3461
Suppose 0 = 5*m + 3*k + 24, 0 = -4*m + 3*k - 14 - 16. List the prime factors of (-1660)/(-18) + m/135*5.
2, 23
Let w = 23 - 13. Suppose -q = 5, -z + w = -q + 2. List the prime factors of (-624)/(-13) - z/1.
3, 5
Let h(o) = -o**2 - 25*o + 55. Let n be h(-27). Let d(g) = 434*g + 6. What are the prime factors of d(n)?
2, 5, 11
Let g = -7465 + 12233. List the prime factors of g.
2, 149
Let b = 25 - 29. Let k be (1 + -4)/(b/116) - -3. What are the prime factors of (1 - k)/(-3 + 2)?
89
Let z = 18237 + -11061. List the prime factors of z.
2, 3, 13, 23
Let z = 1868 + -560. Suppose i = 0, 5*i + z = -2*j + 4*j. What are the prime factors of j?
2, 3, 109
Let v(l) = -55*l - 28. Let z be v(-13). Suppose 0 = -5*n + 1243 + z. List the prime factors of 16/(-28) - n/(-14).
3
Let k(l) = -9*l - 20. Let z(f) = f. Let j(r) = k(r) + 2*z(r). Suppose 0 = w + w + 16. What are the prime factors of j(w)?
2, 3
Suppose 2*x + 4*h = 3*x + 6, -2*x + 14 = 5*h. Suppose 0 = x*p + 4*p - 3378. Suppose -5 = -q, -5*v + p = -v - 5*q. List the prime factors of v.
3, 7
Let t(o) be the third derivative of 4*o**5/15 - o**4/12 + 306*o**2 + 2*o. Suppose -j + 5 = 4*j. List the prime factors of t(j).
2, 7
Let i = 305 + 39. What are the prime factors of -290*(-5)/16 + 129/i?
7, 13
Suppose 193*k + 154*k - 11179776 = -37*k. What are the prime factors of k?
2, 14557
Let j(i) = 5*i**2 - 3*i - 2. Let o be j(-1). Let d(x) = -x**2 + 5*x + 7. Let b be d(o). List the prime factors of (b - -66) + (13 - 13)